{"id":337,"date":"2017-08-17T12:51:37","date_gmt":"2017-08-17T10:51:37","guid":{"rendered":"http:\/\/www.nabu-aachen.de\/?page_id=337"},"modified":"2020-09-16T15:56:35","modified_gmt":"2020-09-16T13:56:35","slug":"nationalpark-eifel","status":"publish","type":"page","link":"https:\/\/www.nabu-aachen.de\/en\/nationalpark-eifel\/","title":{"rendered":"Nationalpark Eifel"},"content":{"rendered":"<p><strong>Das NABU Eifelteam begleitet die Entwicklung im Nationalpark Eifel und formuliert Stellungnahmen in Vertretung f\u00fcr den NABU-Landesverband NRW. In Anbetracht der zu bef\u00fcrchtenden schwerwiegenden Fehlentwicklungen im Nationalpark Eifel hat das NABU Eifelteam zusammen mit dem NABU-Landesverband NRW folgendes Positionspapier erarbeitet und verabschiedet:<\/strong><\/p>\n<p>Ausschnitt aus dem &#8222;NABU Positionspapier zur aktuellen Entwicklung im Nationalpark Eifel&#8220;:<\/p>\n<p>&#8222;Die in den aktuellen Fassungen von Nationalparkplan, Wegeplan und \u201ejagdbeh\u00f6rdlicher Verordnung\u201c dargelegten Positionen neigen eindeutig zu einem regulatorisch, pflegerischen Ansatz und stehen im eklatanten Widerspruch zum Nationalparkgedanken, Natur Natur sein lassen. Sie sind in vielen Bereichen nicht bestrebt, den Einfluss des Menschen auf die Entwicklung der \u00d6kosysteme im Nationalpark Eifel zu minimieren.&#8220;<\/p>\n<p>Das NABU Eifelteam ist eine Arbeitsgruppe bestehend aus Mitgliedern des NABU-Stadtverbandes Aachen, des NABU-Kreisverbandes Aachen, des NABU-Kreisverbandes D\u00fcren und des NABU-Kreisverbandes Euskirchen. Sprecher des NABU Eifeteam sind:<\/p>\n<ul class=\"bb-list\">\n<li>Dr. Manfred Aletsee &#8211; NABU-Stadtverband Aachen e.V.<\/li>\n<li>Dr. Eike Lange &#8211; NABU-Kreisverband Aachen e.V.<\/li>\n<li>Hans-Josef Schneiders &#8211; NABU-Kreisverband D\u00fcren e.V.<\/li>\n<\/ul>\n<p>Das NABU Positionspapier ist hier einsehbar: <a href=\"https:\/\/www.nabu-aachen.de\/wp-content\/uploads\/2018\/01\/nabuposition_nlpeifel_230513.pdf\" target=\"_blank\" rel=\"noopener noreferrer\">nabuposition_nlpeifel_230513<\/a><\/p>\n\n<ul class=\"wp-block-latest-posts__list is-grid columns-2 has-dates wp-block-latest-posts\"><li><div class=\"wp-block-latest-posts__featured-image alignleft\"><img loading=\"lazy\" decoding=\"async\" width=\"150\" height=\"150\" src=\"https:\/\/www.nabu-aachen.de\/wp-content\/uploads\/2021\/03\/apfelbluete-150x150.jpg\" class=\"attachment-thumbnail size-thumbnail wp-post-image\" alt=\"\" style=\"\" srcset=\"https:\/\/www.nabu-aachen.de\/wp-content\/uploads\/2021\/03\/apfelbluete-150x150.jpg 150w, https:\/\/www.nabu-aachen.de\/wp-content\/uploads\/2021\/03\/apfelbluete-160x160.jpg 160w, https:\/\/www.nabu-aachen.de\/wp-content\/uploads\/2021\/03\/apfelbluete-320x320.jpg 320w, https:\/\/www.nabu-aachen.de\/wp-content\/uploads\/2021\/03\/apfelbluete-150x150@2x.jpg 300w\" sizes=\"auto, (max-width: 150px) 100vw, 150px\" \/><\/div><a class=\"wp-block-latest-posts__post-title\" href=\"https:\/\/www.nabu-aachen.de\/en\/nabu-tipps-zum-naturgerechten-verhalten-im-wald-und-in-naturschutzgebieten\/\">NABU-Tipps zum naturgerechten Verhalten im Wald und in Naturschutzgebieten<\/a><time datetime=\"2021-03-30T17:11:45+02:00\" class=\"wp-block-latest-posts__post-date\">30. March 2021<\/time><div class=\"wp-block-latest-posts__post-excerpt\">NABU-Pressemeldung Umwelt \/ Naturschutz \/ Artenschutz Naturerleben in Corona-Zeiten NABU-Tipps zum naturgerechten Verhalten im Wald und in Naturschutzgebieten Was ist im Wald und in NSG erlaubt, was verboten? Wie im letzten Jahr zur Osterzeit,&#46;&#46;&#46;<\/div><\/li>\n<li><div class=\"wp-block-latest-posts__featured-image alignleft\"><img loading=\"lazy\" decoding=\"async\" width=\"150\" height=\"150\" src=\"https:\/\/www.nabu-aachen.de\/wp-content\/uploads\/2017\/12\/strategietreffen-150x150.jpg\" class=\"attachment-thumbnail size-thumbnail wp-post-image\" alt=\"\" style=\"\" srcset=\"https:\/\/www.nabu-aachen.de\/wp-content\/uploads\/2017\/12\/strategietreffen-150x150.jpg 150w, https:\/\/www.nabu-aachen.de\/wp-content\/uploads\/2017\/12\/strategietreffen-160x160.jpg 160w, https:\/\/www.nabu-aachen.de\/wp-content\/uploads\/2017\/12\/strategietreffen-320x320.jpg 320w, https:\/\/www.nabu-aachen.de\/wp-content\/uploads\/2017\/12\/strategietreffen-150x150@2x.jpg 300w\" sizes=\"auto, (max-width: 150px) 100vw, 150px\" \/><\/div><a class=\"wp-block-latest-posts__post-title\" href=\"https:\/\/www.nabu-aachen.de\/en\/beitrag-ohne-bild\/\">Strategietreffen im Nationalpark Eifel<\/a><time datetime=\"2017-06-16T20:52:08+02:00\" class=\"wp-block-latest-posts__post-date\">16. June 2017<\/time><div class=\"wp-block-latest-posts__post-excerpt\">Pressemeldung des NABU-Stadtverband Aachens Datum: 16.06.2017 Autor: Carina Zacharias Am 10. und 11. Juni traf sich der NABU-Stadtverband Aachen e.V. zu einem sonnigen und sehr produktiven Strategietreffen auf Burg Vogelsang im Nationalpark Eifel. Vorstand&#46;&#46;&#46;<\/div><\/li>\n<li><a class=\"wp-block-latest-posts__post-title\" href=\"https:\/\/www.nabu-aachen.de\/en\/wissenschaftlicher-beirat-des-nationalparks-eifel-formuliert-positionspapier-zu-windenergieanlagen\/\">Wissenschaftlicher Beirat des Nationalparks Eifel formuliert Positionspapier zu Windenergieanlagen<\/a><time datetime=\"2015-05-03T09:39:39+02:00\" class=\"wp-block-latest-posts__post-date\">3. May 2015<\/time><div class=\"wp-block-latest-posts__post-excerpt\">14 Wissenschaftler aus ganz Deutschland und Experten aus der Region (u.a. auch zwei Vertreter der Naturschutzverb\u00e4nde) stellen seit Ende 2012 den wissenschaftlichen Beirat des Nationalparks Eifel. Erstmals formulierten sie nun ein Positionspapier zu Fragestellungen,&#46;&#46;&#46;<\/div><\/li>\n<li><a class=\"wp-block-latest-posts__post-title\" href=\"https:\/\/www.nabu-aachen.de\/en\/nabu-gratuliert-zu-10-jahren-nationalpark-eifel\/\">NABU gratuliert zu 10 Jahren Nationalpark Eifel<\/a><time datetime=\"2014-02-20T09:28:32+01:00\" class=\"wp-block-latest-posts__post-date\">20. February 2014<\/time><div class=\"wp-block-latest-posts__post-excerpt\">Pressemeldung des NABU NRW Datum: 20.02.2014 Autor: Birgit K\u00f6nigs Trotz Licht und Schatten in der Bilanz bleibt die Einrichtung des Nationalparks ein Meilenstein f\u00fcr den Naturschutz in Nordrhein-Westfalen\/ NABU sieht Defizite in der Informationspolitik&#46;&#46;&#46;<\/div><\/li>\n<li><a class=\"wp-block-latest-posts__post-title\" href=\"https:\/\/www.nabu-aachen.de\/en\/eifelteam-exkursionen\/\">Eifelteam-Exkursionen<\/a><time datetime=\"2010-08-22T09:18:00+02:00\" class=\"wp-block-latest-posts__post-date\">22. August 2010<\/time><div class=\"wp-block-latest-posts__post-excerpt\">Pressemeldung des NABU-Stadtverbandes Aachen Datum: 22.08.2010 Autoren:\u00a0Dr. Manfred Aletsee &amp; Erwin Bausdorf Die diesj\u00e4hrige Pfingstexkursion f\u00fchrte das NABU Eifelteam in den \u00f6stlich von Amsterdam gelegenen Nationalpark Oostvaardersplassen auf Flevoland. Dort wurden Konikpferde, Heckrinder und&#46;&#46;&#46;<\/div><\/li>\n<\/ul>","protected":false},"excerpt":{"rendered":"<p>Das NABU Eifelteam begleitet die Entwicklung im Nationalpark Eifel und formuliert Stellungnahmen in Vertretung f\u00fcr den NABU-Landesverband NRW. In Anbetracht der zu bef\u00fcrchtenden schwerwiegenden Fehlentwicklungen im Nationalpark Eifel hat das NABU Eifelteam zusammen mit&#46;&#46;&#46;<\/p>","protected":false},"author":2,"featured_media":0,"parent":0,"menu_order":0,"comment_status":"closed","ping_status":"closed","template":"","meta":{"_lmt_disableupdate":"","_lmt_disable":"","footnotes":""},"categories":[26],"tags":[],"class_list":["post-337","page","type-page","status-publish","hentry","category-themen"],"_links":{"self":[{"href":"https:\/\/www.nabu-aachen.de\/en\/wp-json\/wp\/v2\/pages\/337","targetHints":{"allow":["GET"]}}],"collection":[{"href":"https:\/\/www.nabu-aachen.de\/en\/wp-json\/wp\/v2\/pages"}],"about":[{"href":"https:\/\/www.nabu-aachen.de\/en\/wp-json\/wp\/v2\/types\/page"}],"author":[{"embeddable":true,"href":"https:\/\/www.nabu-aachen.de\/en\/wp-json\/wp\/v2\/users\/2"}],"replies":[{"embeddable":true,"href":"https:\/\/www.nabu-aachen.de\/en\/wp-json\/wp\/v2\/comments?post=337"}],"version-history":[{"count":7,"href":"https:\/\/www.nabu-aachen.de\/en\/wp-json\/wp\/v2\/pages\/337\/revisions"}],"predecessor-version":[{"id":3066,"href":"https:\/\/www.nabu-aachen.de\/en\/wp-json\/wp\/v2\/pages\/337\/revisions\/3066"}],"wp:attachment":[{"href":"https:\/\/www.nabu-aachen.de\/en\/wp-json\/wp\/v2\/media?parent=337"}],"wp:term":[{"taxonomy":"category","embeddable":true,"href":"https:\/\/www.nabu-aachen.de\/en\/wp-json\/wp\/v2\/categories?post=337"},{"taxonomy":"post_tag","embeddable":true,"href":"https:\/\/www.nabu-aachen.de\/en\/wp-json\/wp\/v2\/tags?post=337"}],"curies":[{"name":"wp","href":"https:\/\/api.w.org\/{rel}","templated":true}]}}

<p><strong>Das NABU Eifelteam begleitet die Entwicklung im Nationalpark Eifel und formuliert Stellungnahmen in Vertretung für den NABU-Landesverband NRW. In Anbetracht der zu befürchtenden schwerwiegenden Fehlentwicklungen im Nationalpark Eifel hat das NABU Eifelteam zusammen mit dem NABU-Landesverband NRW folgendes Positionspapier erarbeitet und verabschiedet:</strong></p>
<p>Ausschnitt aus dem &#8222;NABU Positionspapier zur aktuellen Entwicklung im Nationalpark Eifel&#8220;:</p>
<p>&#8222;Die in den aktuellen Fassungen von Nationalparkplan, Wegeplan und „jagdbehördlicher Verordnung“ dargelegten Positionen neigen eindeutig zu einem regulatorisch, pflegerischen Ansatz und stehen im eklatanten Widerspruch zum Nationalparkgedanken, Natur Natur sein lassen. Sie sind in vielen Bereichen nicht bestrebt, den Einfluss des Menschen auf die Entwicklung der Ökosysteme im Nationalpark Eifel zu minimieren.&#8220;</p>
<p>Das NABU Eifelteam ist eine Arbeitsgruppe bestehend aus Mitgliedern des NABU-Stadtverbandes Aachen, des NABU-Kreisverbandes Aachen, des NABU-Kreisverbandes Düren und des NABU-Kreisverbandes Euskirchen. Sprecher des NABU Eifeteam sind:</p>
<ul class="bb-list">
<li>Dr. Manfred Aletsee &#8211; NABU-Stadtverband Aachen e.V.</li>
<li>Dr. Eike Lange &#8211; NABU-Kreisverband Aachen e.V.</li>
<li>Hans-Josef Schneiders &#8211; NABU-Kreisverband Düren e.V.</li>
</ul>
<p>Das NABU Positionspapier ist hier einsehbar: <a href="https://www.nabu-aachen.de/wp-content/uploads/2018/01/nabuposition_nlpeifel_230513.pdf" target="_blank" rel="noopener noreferrer">nabuposition_nlpeifel_230513</a></p>

<ul class="wp-block-latest-posts__list is-grid columns-2 has-dates wp-block-latest-posts"><li><div class="wp-block-latest-posts__featured-image alignleft"><img loading="lazy" decoding="async" width="150" height="150" src="https://www.nabu-aachen.de/wp-content/uploads/2021/03/apfelbluete-150x150.jpg" class="attachment-thumbnail size-thumbnail wp-post-image" alt="" style="" srcset="https://www.nabu-aachen.de/wp-content/uploads/2021/03/apfelbluete-150x150.jpg 150w, https://www.nabu-aachen.de/wp-content/uploads/2021/03/apfelbluete-160x160.jpg 160w, https://www.nabu-aachen.de/wp-content/uploads/2021/03/apfelbluete-320x320.jpg 320w, https://www.nabu-aachen.de/wp-content/uploads/2021/03/apfelbluete-150x150@2x.jpg 300w" sizes="auto, (max-width: 150px) 100vw, 150px" /></div><a class="wp-block-latest-posts__post-title" href="https://www.nabu-aachen.de/en/nabu-tipps-zum-naturgerechten-verhalten-im-wald-und-in-naturschutzgebieten/">NABU-Tipps zum naturgerechten Verhalten im Wald und in Naturschutzgebieten</a><time datetime="2021-03-30T17:11:45+02:00" class="wp-block-latest-posts__post-date">30. March 2021</time><div class="wp-block-latest-posts__post-excerpt">NABU-Pressemeldung Umwelt / Naturschutz / Artenschutz Naturerleben in Corona-Zeiten NABU-Tipps zum naturgerechten Verhalten im Wald und in Naturschutzgebieten Was ist im Wald und in NSG erlaubt, was verboten? Wie im letzten Jahr zur Osterzeit,&#46;&#46;&#46;</div></li>
<li><div class="wp-block-latest-posts__featured-image alignleft"><img loading="lazy" decoding="async" width="150" height="150" src="https://www.nabu-aachen.de/wp-content/uploads/2017/12/strategietreffen-150x150.jpg" class="attachment-thumbnail size-thumbnail wp-post-image" alt="" style="" srcset="https://www.nabu-aachen.de/wp-content/uploads/2017/12/strategietreffen-150x150.jpg 150w, https://www.nabu-aachen.de/wp-content/uploads/2017/12/strategietreffen-160x160.jpg 160w, https://www.nabu-aachen.de/wp-content/uploads/2017/12/strategietreffen-320x320.jpg 320w, https://www.nabu-aachen.de/wp-content/uploads/2017/12/strategietreffen-150x150@2x.jpg 300w" sizes="auto, (max-width: 150px) 100vw, 150px" /></div><a class="wp-block-latest-posts__post-title" href="https://www.nabu-aachen.de/en/beitrag-ohne-bild/">Strategietreffen im Nationalpark Eifel</a><time datetime="2017-06-16T20:52:08+02:00" class="wp-block-latest-posts__post-date">16. June 2017</time><div class="wp-block-latest-posts__post-excerpt">Pressemeldung des NABU-Stadtverband Aachens Datum: 16.06.2017 Autor: Carina Zacharias Am 10. und 11. Juni traf sich der NABU-Stadtverband Aachen e.V. zu einem sonnigen und sehr produktiven Strategietreffen auf Burg Vogelsang im Nationalpark Eifel. Vorstand&#46;&#46;&#46;</div></li>
<li><a class="wp-block-latest-posts__post-title" href="https://www.nabu-aachen.de/en/wissenschaftlicher-beirat-des-nationalparks-eifel-formuliert-positionspapier-zu-windenergieanlagen/">Wissenschaftlicher Beirat des Nationalparks Eifel formuliert Positionspapier zu Windenergieanlagen</a><time datetime="2015-05-03T09:39:39+02:00" class="wp-block-latest-posts__post-date">3. May 2015</time><div class="wp-block-latest-posts__post-excerpt">14 Wissenschaftler aus ganz Deutschland und Experten aus der Region (u.a. auch zwei Vertreter der Naturschutzverbände) stellen seit Ende 2012 den wissenschaftlichen Beirat des Nationalparks Eifel. Erstmals formulierten sie nun ein Positionspapier zu Fragestellungen,&#46;&#46;&#46;</div></li>
<li><a class="wp-block-latest-posts__post-title" href="https://www.nabu-aachen.de/en/nabu-gratuliert-zu-10-jahren-nationalpark-eifel/">NABU gratuliert zu 10 Jahren Nationalpark Eifel</a><time datetime="2014-02-20T09:28:32+01:00" class="wp-block-latest-posts__post-date">20. February 2014</time><div class="wp-block-latest-posts__post-excerpt">Pressemeldung des NABU NRW Datum: 20.02.2014 Autor: Birgit Königs Trotz Licht und Schatten in der Bilanz bleibt die Einrichtung des Nationalparks ein Meilenstein für den Naturschutz in Nordrhein-Westfalen/ NABU sieht Defizite in der Informationspolitik&#46;&#46;&#46;</div></li>
<li><a class="wp-block-latest-posts__post-title" href="https://www.nabu-aachen.de/en/eifelteam-exkursionen/">Eifelteam-Exkursionen</a><time datetime="2010-08-22T09:18:00+02:00" class="wp-block-latest-posts__post-date">22. August 2010</time><div class="wp-block-latest-posts__post-excerpt">Pressemeldung des NABU-Stadtverbandes Aachen Datum: 22.08.2010 Autoren: Dr. Manfred Aletsee &amp; Erwin Bausdorf Die diesjährige Pfingstexkursion führte das NABU Eifelteam in den östlich von Amsterdam gelegenen Nationalpark Oostvaardersplassen auf Flevoland. Dort wurden Konikpferde, Heckrinder und&#46;&#46;&#46;</div></li>
</ul>

<p>Das NABU Eifelteam begleitet die Entwicklung im Nationalpark Eifel und formuliert Stellungnahmen in Vertretung für den NABU-Landesverband NRW. In Anbetracht der zu befürchtenden schwerwiegenden Fehlentwicklungen im Nationalpark Eifel hat das NABU Eifelteam zusammen mit&#46;&#46;&#46;</p>
