{"id":2462,"date":"2020-01-14T11:46:42","date_gmt":"2020-01-14T10:46:42","guid":{"rendered":"https:\/\/www.nabu-aachen.de\/?post_type=tribe_events&#038;p=2462"},"modified":"2020-01-14T11:46:42","modified_gmt":"2020-01-14T10:46:42","slug":"stunde-der-gartenvoegel-2020","status":"publish","type":"tribe_events","link":"https:\/\/www.nabu-aachen.de\/en\/veranstaltung\/stunde-der-gartenvoegel-2020\/","title":{"rendered":"Stunde der Gartenv\u00f6gel 2020"},"content":{"rendered":"<p>An diesen Tagen die Gartenv\u00f6gel im eigenen Garten oder im Park z\u00e4hlen, dem NABU melden und mit etwas Gl\u00fcck gewinnen.<\/p>\n<p>Info:\u00a0 <a href=\"http:\/\/www.stunde-der-gartenvoegel.de\">www.stunde-der-gartenvoegel.de<\/a><\/p>","protected":false},"excerpt":{"rendered":"<p>An diesen Tagen die Gartenv\u00f6gel im eigenen Garten oder im Park z\u00e4hlen, dem NABU melden und mit etwas Gl\u00fcck gewinnen. Info:\u00a0 www.stunde-der-gartenvoegel.de<\/p>","protected":false},"author":4,"featured_media":0,"template":"","meta":{"_lmt_disableupdate":"","_lmt_disable":"","_tribe_events_status":"","_tribe_events_status_reason":"","footnotes":""},"tags":[],"tribe_events_cat":[47],"class_list":["post-2462","tribe_events","type-tribe_events","status-publish","hentry","tribe_events_cat-nabu","cat_nabu"],"_links":{"self":[{"href":"https:\/\/www.nabu-aachen.de\/en\/wp-json\/wp\/v2\/tribe_events\/2462","targetHints":{"allow":["GET"]}}],"collection":[{"href":"https:\/\/www.nabu-aachen.de\/en\/wp-json\/wp\/v2\/tribe_events"}],"about":[{"href":"https:\/\/www.nabu-aachen.de\/en\/wp-json\/wp\/v2\/types\/tribe_events"}],"author":[{"embeddable":true,"href":"https:\/\/www.nabu-aachen.de\/en\/wp-json\/wp\/v2\/users\/4"}],"version-history":[{"count":1,"href":"https:\/\/www.nabu-aachen.de\/en\/wp-json\/wp\/v2\/tribe_events\/2462\/revisions"}],"predecessor-version":[{"id":2463,"href":"https:\/\/www.nabu-aachen.de\/en\/wp-json\/wp\/v2\/tribe_events\/2462\/revisions\/2463"}],"wp:attachment":[{"href":"https:\/\/www.nabu-aachen.de\/en\/wp-json\/wp\/v2\/media?parent=2462"}],"wp:term":[{"taxonomy":"post_tag","embeddable":true,"href":"https:\/\/www.nabu-aachen.de\/en\/wp-json\/wp\/v2\/tags?post=2462"},{"taxonomy":"tribe_events_cat","embeddable":true,"href":"https:\/\/www.nabu-aachen.de\/en\/wp-json\/wp\/v2\/tribe_events_cat?post=2462"}],"curies":[{"name":"wp","href":"https:\/\/api.w.org\/{rel}","templated":true}]}}

Stunde der Gartenvögel 2020

<p>An diesen Tagen die Gartenvögel im eigenen Garten oder im Park zählen, dem NABU melden und mit etwas Glück gewinnen.</p>
<p>Info:  <a href="http://www.stunde-der-gartenvoegel.de">www.stunde-der-gartenvoegel.de</a></p>

<p>An diesen Tagen die Gartenvögel im eigenen Garten oder im Park zählen, dem NABU melden und mit etwas Glück gewinnen. Info:  www.stunde-der-gartenvoegel.de</p>
