{"id":6601,"date":"2024-11-25T17:31:57","date_gmt":"2024-11-25T16:31:57","guid":{"rendered":"https:\/\/www.nabu-aachen.de\/?post_type=tribe_events&#038;p=6601"},"modified":"2025-02-07T15:26:08","modified_gmt":"2025-02-07T14:26:08","slug":"pflanzaktion-aachener-liebesbaum-allee-inklusive-buergerinnenfest","status":"publish","type":"tribe_events","link":"https:\/\/www.nabu-aachen.de\/en\/veranstaltung\/pflanzaktion-aachener-liebesbaum-allee-inklusive-buergerinnenfest\/","title":{"rendered":"Pflanzaktion Aachener Liebesbaum Allee inklusive B\u00fcrger*innenfest"},"content":{"rendered":"<p>Der NABU Aachen ist Kooperationspartner des Projekts \u201eherzw\u00e4rts \u2013 GemeinsamMacht. Zukunft.\u201c des Eine Welt Forums Aachen. In dessen Rahmen k\u00f6nnen sich liebende Aachener*innen um eine kostenlose Baumpatenschaft bewerben. Bei der gemeinsamen Pflanzaktion werden 14 Esskastanien im M\u00fcschpark am Lousberg gepflanzt. Begleitet wird dies von einem Rahmenprogramm.<\/p>\n<ul>\n<li><b>11:00 Uhr<\/b>: Start der Infost\u00e4nde &amp; NABU-Exkursion &#8222;V\u00f6gel erleben im M\u00fcschpark&#8220;: Treffpunkt am Parkeingang Str\u00fcverweg, Ecke Purweider Weg<\/li>\n<li><b>12:00 Uhr<\/b>: Offizielle Er\u00f6ffnung mit Oberb\u00fcrgermeisterin Sibylle Keupen, den Baumpat:innen und der Presse<\/li>\n<li><b>13:30 Uhr<\/b>: Abbau der Info- und Aktionsst\u00e4nde<\/li>\n<li><b>14:00 Uhr<\/b>: Optionaler Anschluss an den Klimastreik (Aachen, Markt)<\/li>\n<\/ul>\n<div><b>Anfahrt &amp; Zugang<\/b><\/div>\n<div>Die Pflanzaktion findet im Aachener M\u00fcschpark (Kastanienallee) statt. Mit dem \u00d6PNV oder dem Auto bietet sich der Zugang St\u00fcverweg 1 an. Zu Fu\u00df oder mit dem Rad ist die Anreise zus\u00e4tzlich \u00fcber den Lousberg (Buchenallee, Achtung: nicht barrierefrei) m\u00f6glich.<\/div>\n<p>Mehr Infos: <a href=\"https:\/\/www.liebesbaumallee.de\/\" target=\"_blank\" rel=\"noopener\">https:\/\/www.liebesbaumallee.de\/<\/a><\/p>","protected":false},"excerpt":{"rendered":"<p>Der NABU Aachen ist Kooperationspartner des Projekts \u201eherzw\u00e4rts \u2013 GemeinsamMacht. Zukunft.\u201c des Eine Welt Forums Aachen. In dessen Rahmen k\u00f6nnen sich liebende Aachener*innen um eine kostenlose Baumpatenschaft bewerben. Bei der gemeinsamen Pflanzaktion werden 14&#46;&#46;&#46;<\/p>","protected":false},"author":3,"featured_media":0,"template":"","meta":{"_lmt_disableupdate":"no","_lmt_disable":"","_tribe_events_status":"","_tribe_events_status_reason":"","footnotes":""},"tags":[],"tribe_events_cat":[13],"class_list":["post-6601","tribe_events","type-tribe_events","status-publish","hentry","tribe_events_cat-nabu-aachen-stadt","cat_nabu-aachen-stadt"],"_links":{"self":[{"href":"https:\/\/www.nabu-aachen.de\/en\/wp-json\/wp\/v2\/tribe_events\/6601","targetHints":{"allow":["GET"]}}],"collection":[{"href":"https:\/\/www.nabu-aachen.de\/en\/wp-json\/wp\/v2\/tribe_events"}],"about":[{"href":"https:\/\/www.nabu-aachen.de\/en\/wp-json\/wp\/v2\/types\/tribe_events"}],"author":[{"embeddable":true,"href":"https:\/\/www.nabu-aachen.de\/en\/wp-json\/wp\/v2\/users\/3"}],"version-history":[{"count":3,"href":"https:\/\/www.nabu-aachen.de\/en\/wp-json\/wp\/v2\/tribe_events\/6601\/revisions"}],"predecessor-version":[{"id":6821,"href":"https:\/\/www.nabu-aachen.de\/en\/wp-json\/wp\/v2\/tribe_events\/6601\/revisions\/6821"}],"wp:attachment":[{"href":"https:\/\/www.nabu-aachen.de\/en\/wp-json\/wp\/v2\/media?parent=6601"}],"wp:term":[{"taxonomy":"post_tag","embeddable":true,"href":"https:\/\/www.nabu-aachen.de\/en\/wp-json\/wp\/v2\/tags?post=6601"},{"taxonomy":"tribe_events_cat","embeddable":true,"href":"https:\/\/www.nabu-aachen.de\/en\/wp-json\/wp\/v2\/tribe_events_cat?post=6601"}],"curies":[{"name":"wp","href":"https:\/\/api.w.org\/{rel}","templated":true}]}}

Pflanzaktion Aachener Liebesbaum Allee inklusive Bürger*innenfest

<p>Der NABU Aachen ist Kooperationspartner des Projekts „herzwärts – GemeinsamMacht. Zukunft.“ des Eine Welt Forums Aachen. In dessen Rahmen können sich liebende Aachener*innen um eine kostenlose Baumpatenschaft bewerben. Bei der gemeinsamen Pflanzaktion werden 14 Esskastanien im Müschpark am Lousberg gepflanzt. Begleitet wird dies von einem Rahmenprogramm.</p>
<ul>
<li><b>11:00 Uhr</b>: Start der Infostände &amp; NABU-Exkursion &#8222;Vögel erleben im Müschpark&#8220;: Treffpunkt am Parkeingang Strüverweg, Ecke Purweider Weg</li>
<li><b>12:00 Uhr</b>: Offizielle Eröffnung mit Oberbürgermeisterin Sibylle Keupen, den Baumpat:innen und der Presse</li>
<li><b>13:30 Uhr</b>: Abbau der Info- und Aktionsstände</li>
<li><b>14:00 Uhr</b>: Optionaler Anschluss an den Klimastreik (Aachen, Markt)</li>
</ul>
<div><b>Anfahrt &amp; Zugang</b></div>
<div>Die Pflanzaktion findet im Aachener Müschpark (Kastanienallee) statt. Mit dem ÖPNV oder dem Auto bietet sich der Zugang Stüverweg 1 an. Zu Fuß oder mit dem Rad ist die Anreise zusätzlich über den Lousberg (Buchenallee, Achtung: nicht barrierefrei) möglich.</div>
<p>Mehr Infos: <a href="https://www.liebesbaumallee.de/" target="_blank" rel="noopener">https://www.liebesbaumallee.de/</a></p>

<p>Der NABU Aachen ist Kooperationspartner des Projekts „herzwärts – GemeinsamMacht. Zukunft.“ des Eine Welt Forums Aachen. In dessen Rahmen können sich liebende Aachener*innen um eine kostenlose Baumpatenschaft bewerben. Bei der gemeinsamen Pflanzaktion werden 14&#46;&#46;&#46;</p>
